NOAA Reports


Report for 2018 Jul






                            MONTHLY CLIMATOLOGICAL SUMMARY for JUL. 2018

NAME: Carolina Stormwatch   CITY: Calabash STATE: North Carolina
ELEV: 39 Feet LAT: 033:55:28.7554 LONG: -0078:34:10.7426

                            TEMPERATURE ( F), RAIN (in.), WIND SPEED (mph)

                                               HEAT     COOL           AVG
      MEAN                                     DEG      DEG            WIND                      DOM
DAY   TEMP    HIGH   TIME     LOW    TIME      DAYS     DAYS    RAIN   SPEED   HIGH    TIME      DIR
--------------------------------------------------------------------------------------------------------
01    81.5   092.1   15:09    73.5   06:21     00.0     16.5   00.11   001     014    16:08      SE
02    82.3   094.1   14:13    72.2   06:14     00.0     17.3   00.00   001     012    17:03      SE
03    82.1   092.6   12:14    73.0   06:08     00.0     17.2   00.00   002     015    17:04      E 
04    81.3   090.9   12:01    73.7   06:16     00.0     16.3   00.25   002     015    18:26     ENE
05    81.1   091.1   15:17    73.0   06:21     00.0     16.2   00.01   001     013    16:01     ENE
06    80.9   090.6   13:24    71.8   06:14     00.0     15.9   00.01   001     013    15:28     ESE
07    75.9   087.7   13:24    71.1   05:28     00.0     11.0   00.97   002     017    14:23      N 
08    75.7   082.4   15:08    66.6   06:00     00.0     10.8   00.00   003     021    12:23     NNE
09    72.1   085.9   14:29    64.8   00:00     00.0     07.2   00.00   002     013    14:24      N 
10    75.6   092.1   17:01    58.6   06:14     00.0     10.7   00.00   001     013    13:06     ENE
11    81.7   094.6   13:17    68.1   06:17     00.0     16.8   00.02   002     014    15:17      S 
12    80.0   093.9   13:04    73.2   23:29     00.0     15.1   00.14   002     015    16:03      S 
13    78.0   088.2   17:04    73.2   00:08     00.0     13.0   00.08   002     013    12:08      NE
14    78.8   089.1   13:03    68.7   00:00     00.0     13.9   00.00   002     015    16:08     ENE
15    77.8   091.9   14:03    64.2   06:04     00.0     12.9   00.02   001     013    18:08     ESE
16    78.2   089.8   16:28    68.0   06:18     00.0     13.3   00.00   001     009    16:04     SSE
17    77.5   088.3   14:08    73.0   04:08     00.0     12.6   01.91   001     018    01:28     SSE
18    76.5   080.6   10:14    73.9   05:09     00.0     11.6   01.56   001     009    16:04     ESE
19    80.9   091.3   14:19    73.8   01:14     00.0     15.9   00.00   002     013    17:25     ENE
20    74.6   076.6   13:19    72.9   08:28     00.0     09.7   02.27   002     010    22:03      NE
21    79.0   090.9   16:09    71.3   07:14     00.0     14.1   00.01   002     013    19:18      NE
22    82.0   089.4   13:18    74.2   06:24     00.0     17.0   00.01   003     016    15:14     SSE
23    79.9   086.7   13:14    70.7   07:18     00.0     15.0   00.16   004     023    14:19      SE
24    78.2   085.8   14:18    72.9   06:08     00.0     13.3   00.79   002     014    21:28      SE
25    77.6   086.6   13:23    70.8   06:19     00.0     12.7   00.94   001     014    15:23     SSE
26    80.1   090.2   15:13    70.8   06:09     00.0     15.2   00.00   001     012    16:28      S 
27    80.2   086.5   11:08    75.2   06:24     00.0     15.3   00.10   002     014    20:13     SSE
28    82.9   091.4   12:13    75.7   06:28     00.0     18.0   00.00   002     015    17:23     SSE
29    79.3   087.7   13:14    73.8   00:00     00.0     14.4   00.93   001     013    22:17     SSE
30    76.6   083.5   15:01    72.9   08:22     00.0     11.7   02.06   001     015    16:07     SSE
31    79.7   087.7   13:19    74.3   00:05     00.0     14.8   00.36   002     021    17:09     SSW
--------------------------------------------------------------------------------------------------------
79.0 (80.0)   94.6  day 11     58.6  day 10   000.0    435.1   00.21   01.7     023   day 31     ESE
Max >=  86: 25
Min <=  86: 31
Max Rain: 2.27 ON 20-07-18
Days of Rain: 21 (> .008in) 15 (> .08in) 7 (> 0.8in)