NOAA Reports


Report for 2018 Nov






                            MONTHLY CLIMATOLOGICAL SUMMARY for NOV. 2018

NAME: THE FARM   CITY: Calabash STATE: North Carolina
ELEV: 44 Feet LAT: 033:55:28.7554 LONG: -0078:34:10.7426

                            TEMPERATURE ( F), RAIN (in.), WIND SPEED (mph)

                                               HEAT     COOL           AVG
      MEAN                                     DEG      DEG            WIND                      DOM
DAY   TEMP    HIGH   TIME     LOW    TIME      DAYS     DAYS    RAIN   SPEED   HIGH    TIME      DIR
--------------------------------------------------------------------------------------------------------
01    69.1   081.4   13:39    59.2   07:44     00.0     04.1   00.21   003     016    15:17      S 
02    72.4   076.6   13:07    66.1   00:00     00.0     07.4   00.53   004     018    19:12      S 
03    56.2   066.1   00:01    44.2   00:00     08.8     00.0   00.20   002     016    12:05     NNW
04    60.1   075.4   13:54    44.0   00:36     04.8     00.0   00.11   004     013    16:32      NE
05    68.9   075.3   12:21    62.5   02:35     00.0     03.9   00.18   001     014    12:53      S 
06    72.4   080.0   11:56    65.5   00:04     00.0     07.5   00.35   002     018    11:15      S 
07    68.1   075.4   13:59    64.1   21:32     00.0     03.1   00.32   002     013    13:59     ENE
08    62.9   066.6   12:23    59.5   00:00     02.1     00.0   00.66   003     013    23:49     NNE
09    63.6   071.8   11:43    56.5   07:25     01.3     00.0   00.00   002     013    00:44      NE
10    56.2   066.5   02:49    41.7   00:00     08.8     00.0   00.12   003     018    06:39      N 
11    46.9   055.4   14:17    38.8   04:54     18.1     00.0   00.00   003     015    13:24     NNE
12    57.1   070.7   21:42    47.6   04:45     07.8     00.0   00.44   004     015    21:04      NE
13    65.5   070.8   01:44    56.5   00:00     00.0     00.5   00.90   001     013    01:05     NNW
14    51.8   056.5   00:08    46.4   00:00     13.1     00.0   00.00   007     023    21:46     NNE
15    49.6   061.0   11:01    43.8   23:31     15.4     00.0   00.35   005     023    05:44      N 
16    47.2   057.7   14:21    38.4   00:00     17.8     00.0   00.00   002     014    11:26      NW
17    47.0   062.9   14:33    35.9   06:02     17.9     00.0   00.00   001     013    10:39     NNE
18    54.3   069.8   14:14    40.3   01:33     10.6     00.0   00.01   001     010    11:28      NE
19    56.8   065.9   15:08    49.6   00:00     08.1     00.0   00.25   001     010    10:39     NNW
20    54.2   063.3   14:47    48.7   21:44     10.7     00.0   00.01   000     010    23:53      NW
21    48.9   062.4   14:19    38.3   00:00     16.0     00.0   00.00   002     013    15:07      N 
22    45.6   055.2   14:36    36.9   02:22     19.3     00.0   00.00   004     015    13:08     NNE
23    44.3   054.3   14:19    34.3   06:31     20.6     00.0   00.00   007     020    09:54     NNE
24    55.0   064.9   15:16    45.1   00:22     09.9     00.0   01.90   003     018    10:30     NNE
25    49.6   062.0   14:35    43.1   06:44     15.4     00.0   00.00   001     012    09:30     NNW
26    59.6   071.3   14:42    48.7   00:00     05.3     00.0   00.02   002     018    21:37      SW
27    43.2   051.8   14:34    37.1   06:39     21.7     00.0   00.00   001     013    23:29     WNW
28    35.8   046.5   14:42    29.1   07:15     29.2     00.0   00.00   002     015    10:02      NW
29    37.6   053.2   14:31    26.8   07:08     27.3     00.0   00.00   001     009    13:59     NNW
30    54.1   067.7   12:11    39.7   00:05     10.8     00.0   00.88   002     013    15:53      S 
--------------------------------------------------------------------------------------------------------
55.1 (55.8)   81.4  day 01     26.8  day 29   320.9    026.6   07.44   02.5     023   day 15     NNE
Min <=  86: 30
Max Rain: 1.90 ON 24-11-18
Days of Rain: 18 (> .008in) 15 (> .08in) 3 (> 0.8in)