NOAA Reports


Report for 2018 Dec






                            MONTHLY CLIMATOLOGICAL SUMMARY for DEC. 2018

NAME: THE FARM   CITY: Calabash STATE: North Carolina
ELEV: 44 Feet LAT: 033:55:28.7554 LONG: -0078:34:10.7426

                            TEMPERATURE ( F), RAIN (in.), WIND SPEED (mph)

                                               HEAT     COOL           AVG
      MEAN                                     DEG      DEG            WIND                      DOM
DAY   TEMP    HIGH   TIME     LOW    TIME      DAYS     DAYS    RAIN   SPEED   HIGH    TIME      DIR
--------------------------------------------------------------------------------------------------------
01    58.2   066.5   11:40    48.1   07:34     06.8     00.0   00.77   001     008    23:31      S 
02    64.7   067.8   17:27    60.1   07:47     00.3     00.0   00.29   003     021    13:23      S 
03    63.5   072.2   14:47    52.4   00:00     01.4     00.0   00.00   001     008    09:14     SSW
04    48.8   057.5   14:24    38.6   22:04     16.1     00.0   00.00   002     015    09:50      N 
05    42.0   052.9   12:48    30.2   00:00     23.0     00.0   00.00   002     015    14:18     NNW
06    37.1   052.7   13:21    26.3   07:18     27.8     00.0   00.00   001     010    13:59     SSE
07    41.6   054.6   13:38    30.5   04:37     23.3     00.0   00.00   001     013    12:38      NE
08    42.2   044.4   12:32    38.5   00:08     22.7     00.0   00.40   004     020    23:32     NNE
09    40.9   047.9   13:57    37.0   04:35     24.0     00.0   01.10   007     022    04:41     NNE
10    38.9   040.3   10:29    35.5   23:44     26.0     00.0   00.13   003     018    13:28      N 
11    38.7   050.9   14:25    30.6   23:04     26.2     00.0   00.01   002     015    10:46     NNW
12    39.4   056.9   12:57    29.4   07:32     25.6     00.0   00.00   001     009    12:34     ENE
13    44.5   059.5   14:07    30.8   06:59     20.5     00.0   00.00   001     009    22:55      E 
14    60.1   066.3   00:00    53.0   01:26     04.8     00.0   01.87   002     016    14:05     ENE
15    61.5   067.6   00:51    50.3   23:59     03.5     00.0   01.02   001     014    00:54     SSE
16    51.9   062.6   14:25    45.3   07:28     13.0     00.0   00.01   001     013    14:26     WSW
17    49.2   064.9   14:19    40.2   07:30     15.7     00.0   00.00   001     012    15:18     WSW
18    45.1   058.2   13:34    37.0   06:33     19.8     00.0   00.00   001     014    11:10      NE
19    50.2   062.2   14:31    37.0   02:52     14.7     00.0   00.00   002     010    17:04     NNE
20    60.9   066.7   21:41    51.5   02:29     04.0     00.0   00.29   003     020    18:28     ESE
21    59.4   065.4   11:53    48.8   00:00     05.5     00.0   00.65   006     037    12:28     SSW
22    47.6   058.1   14:14    37.7   23:59     17.4     00.0   00.00   002     016    03:59      W 
23    45.7   060.9   12:31    33.1   07:33     19.2     00.0   00.00   002     014    15:23     SSW
24    46.8   058.3   14:02    33.3   00:00     18.2     00.0   00.00   001     013    14:20     NNW
25    39.8   057.1   13:01    28.8   07:35     25.1     00.0   00.00   001     010    10:31      N 
26    41.6   056.8   14:57    29.2   05:38     23.3     00.0   00.00   002     014    10:28      NE
27    51.9   063.9   00:00    38.7   05:45     13.1     00.0   00.21   003     016    01:02     ENE
28    64.6   067.2   14:19    59.4   23:57     00.3     00.0   01.32   004     018    07:29      S 
29    59.9   067.9   13:49    53.2   23:36     05.1     00.0   00.08   001     012    13:53     WNW
30    56.8   059.3   15:58    54.1   02:22     08.1     00.0   00.05   001     005    09:27     NNE
31    62.7   070.5   14:21    56.8   02:21     02.3     00.0   00.03   001     010    19:53      SE
--------------------------------------------------------------------------------------------------------
50.2 (50.5)   72.2  day 03     26.3  day 06   456.9    000.0   08.23   02.0     037   day 09      NE
Min <=  86: 31
Max Rain: 1.87 ON 14-12-19
Days of Rain: 16 (> .008in) 12 (> .08in) 4 (> 0.8in)