NOAA Reports


Report for 2019 Jan






                            MONTHLY CLIMATOLOGICAL SUMMARY for JAN. 2019

NAME: THE FARM   CITY: Calabash STATE: North Carolina
ELEV: 44 Feet LAT: 033:55:28.7554 LONG: -0078:34:10.7426

                            TEMPERATURE ( F), RAIN (in.), WIND SPEED (mph)

                                               HEAT     COOL           AVG
      MEAN                                     DEG      DEG            WIND                      DOM
DAY   TEMP    HIGH   TIME     LOW    TIME      DAYS     DAYS    RAIN   SPEED   HIGH    TIME      DIR
--------------------------------------------------------------------------------------------------------
01    67.1   074.8   13:32    63.7   08:27     00.0     02.1   00.07   002     013    02:34     SSW
02    58.0   065.4   01:46    55.1   20:05     06.9     00.0   00.41   002     013    10:51     NNE
03    60.0   064.8   14:02    55.3   00:05     05.0     00.0   00.05   001     012    18:37      N 
04    60.5   064.9   21:56    57.4   07:44     04.4     00.0   00.19   003     022    20:58      E 
05    54.5   062.0   14:29    46.5   21:28     10.5     00.0   00.07   003     021    12:41     WSW
06    53.5   071.6   14:00    41.0   07:21     11.5     00.0   00.00   001     010    11:43     WNW
07    52.7   066.7   13:22    42.9   07:20     12.2     00.0   00.00   002     013    16:54     NNE
08    58.6   074.7   14:19    49.2   02:05     06.4     00.0   00.00   002     015    13:03      S 
09    51.5   060.3   13:25    36.0   22:53     13.4     00.0   00.00   002     020    13:34      W 
10    36.9   045.4   14:59    26.9   00:00     28.0     00.0   00.00   002     021    13:15      NW
11    33.1   046.2   15:02    24.2   07:37     31.9     00.0   00.00   001     014    09:03      N 
12    41.6   051.9   15:09    28.1   00:02     23.4     00.0   00.00   004     015    16:05      N 
13    44.1   048.8   08:43    38.6   23:58     20.8     00.0   00.07   003     016    16:16     NNW
14    37.3   040.7   14:17    29.8   00:00     27.6     00.0   00.01   003     016    05:37     NNW
15    37.5   049.4   14:47    27.6   07:41     27.5     00.0   00.00   001     013    14:24     NNW
16    43.4   057.9   13:49    33.5   00:00     21.6     00.0   00.00   001     012    15:49      SE
17    42.3   058.2   13:12    29.5   07:00     22.7     00.0   00.01   001     013    13:47      E 
18    46.4   059.7   12:45    35.6   06:25     18.6     00.0   00.05   001     010    12:00     ENE
19    55.4   065.6   14:09    40.3   00:03     09.6     00.0   00.00   003     021    23:43     ESE
20    53.5   066.0   02:45    35.5   23:47     11.5     00.0   00.20   005     026    03:34      SW
21    30.6   037.9   14:51    22.0   23:45     34.3     00.0   00.00   003     025    09:04     NNW
22    32.6   046.8   14:57    21.3   02:02     32.3     00.0   00.00   002     014    11:31      N 
23    53.4   066.6   14:09    31.2   03:22     11.5     00.0   00.00   004     022    22:48      E 
24    60.5   070.1   14:46    46.7   21:58     04.4     00.0   00.77   006     028    08:00      S 
25    43.1   053.6   14:44    33.2   07:49     21.9     00.0   00.00   002     016    11:49      NW
26    39.9   057.0   13:27    26.8   07:36     25.1     00.0   00.00   001     016    12:06      S 
27    38.9   050.4   14:05    28.2   06:02     26.1     00.0   00.00   000     006    18:43      S 
28    43.6   053.3   15:14    32.5   00:00     21.3     00.0   00.00   002     013    10:58     NNE
29    46.7   059.3   12:08    32.2   01:38     18.3     00.0   00.01   002     018    15:02      S 
30    39.0   049.0   13:21    31.1   07:29     25.9     00.0   00.00   002     013    13:30      NW
31    34.7   048.3   13:58    25.7   07:12     30.2     00.0   00.00   002     015    14:42     ENE
--------------------------------------------------------------------------------------------------------
46.8 (47.0)   74.8  day 01     21.3  day 22   564.6    002.1   01.91   02.2     028   day 24      N 
Min <=  86: 31
Min <=  23: 2
Max Rain: 0.77 ON 24-01-19
Days of Rain: 12 (> .008in) 4 (> .08in) 0 (> 0.8in)