NOAA Reports


Report for 2019 Mar






                            MONTHLY CLIMATOLOGICAL SUMMARY for MAR. 2019

NAME: THE FARM   CITY: Calabash STATE: North Carolina
ELEV: 44 Feet LAT: 033:55:28.7554 LONG: -0078:34:10.7426

                            TEMPERATURE ( F), RAIN (in.), WIND SPEED (mph)

                                               HEAT     COOL           AVG
      MEAN                                     DEG      DEG            WIND                      DOM
DAY   TEMP    HIGH   TIME     LOW    TIME      DAYS     DAYS    RAIN   SPEED   HIGH    TIME      DIR
--------------------------------------------------------------------------------------------------------
01    57.4   069.8   12:12    47.1   07:19     07.6     00.0   00.36   002     014    19:56     ESE
02    58.4   066.7   14:52    51.7   09:47     06.5     00.0   00.32   002     012    16:33      N 
03    61.1   071.2   14:01    53.4   06:11     03.8     00.0   01.49   004     026    23:06     ESE
04    51.8   066.3   01:14    41.1   23:59     13.1     00.0   00.21   004     020    01:08     NNW
05    38.4   045.0   15:39    32.7   23:19     26.5     00.0   00.31   003     016    05:18     NNW
06    37.9   048.8   15:11    28.9   00:00     27.0     00.0   00.00   002     017    11:40     WNW
07    42.5   058.7   12:33    27.3   06:22     22.5     00.0   00.00   002     014    13:00      SE
08    53.9   066.3   13:13    42.3   06:00     11.0     00.0   00.11   002     014    15:25     ESE
09    57.2   067.4   14:38    52.1   06:46     07.7     00.0   00.05   002     013    15:55      NE
10    67.6   078.6   14:57    55.2   00:02     00.0     02.7   00.00   005     022    10:56     SSE
11    63.9   074.0   12:26    55.3   00:00     01.0     00.0   00.03   002     016    12:51      N 
12    52.4   065.0   16:13    39.8   00:00     12.5     00.0   00.00   003     020    12:14     NNE
13    51.6   067.1   14:07    36.2   11:02     13.4     00.0   00.00   002     017    14:17     ENE
14    60.3   074.6   13:49    44.4   07:29     04.6     00.0   00.00   004     020    15:03      SE
15    68.2   076.4   15:55    63.3   07:48     00.0     03.2   00.00   006     029    15:05      S 
16    58.5   066.8   02:56    42.8   00:00     06.5     00.0   00.00   003     020    10:23      NW
17    46.8   059.7   16:37    36.4   07:36     18.1     00.0   00.00   002     015    14:11      N 
18    50.0   066.8   13:26    32.2   07:38     14.9     00.0   00.00   002     021    00:00      E 
19    48.9   057.5   15:50    39.5   08:02     16.0     00.0   00.00   005     021    11:01      N 
20    49.0   054.3   14:21    45.4   07:49     16.0     00.0   00.07   006     021    12:02      N 
21    47.9   053.2   20:05    45.2   07:44     17.1     00.0   00.00   002     016    20:03      W 
22    58.3   067.0   16:18    45.3   23:35     06.6     00.0   00.01   003     018    18:06     WSW
23    44.5   066.1   14:04    34.7   07:40     20.5     00.0   00.00   001     017    11:09      NW
24    52.2   070.0   14:11    33.3   07:22     12.7     00.0   00.00   003     021    14:55     SSE
25    63.8   077.8   14:29    51.0   00:56     01.1     00.0   00.00   004     026    14:53     SSE
26    54.0   063.3   00:04    44.9   00:00     10.9     00.0   00.44   005     029    10:42      N 
27    48.4   063.6   17:44    36.4   07:58     16.6     00.0   00.00   005     025    10:09     NNE
28    53.9   071.3   13:47    40.3   07:24     11.1     00.0   00.00   004     015    16:12      NE
29    55.9   072.9   13:32    38.6   07:23     09.0     00.0   00.00   003     017    15:28     SSE
30    61.4   075.8   13:14    46.4   06:34     03.5     00.0   00.00   004     020    13:22     SSE
31    64.7   074.7   12:45    58.6   23:37     00.2     00.0   00.31   003     021    12:15      S 
--------------------------------------------------------------------------------------------------------
54.2 (54.8)   78.6  day 10     27.3  day 07   338.0    005.9   03.71   03.2     029   day 03     ENE
Min <=  86: 31
Max Rain: 1.49 ON 3-03-19
Days of Rain: 12 (> .008in) 8 (> .08in) 1 (> 0.8in)