NOAA Reports


Report for 2019 Apr






                            MONTHLY CLIMATOLOGICAL SUMMARY for APR. 2019

NAME: THE FARM   CITY: Calabash STATE: North Carolina
ELEV: 44 Feet LAT: 033:55:28.7554 LONG: -0078:34:10.7426

                            TEMPERATURE ( F), RAIN (in.), WIND SPEED (mph)

                                               HEAT     COOL           AVG
      MEAN                                     DEG      DEG            WIND                      DOM
DAY   TEMP    HIGH   TIME     LOW    TIME      DAYS     DAYS    RAIN   SPEED   HIGH    TIME      DIR
--------------------------------------------------------------------------------------------------------
01    49.9   058.1   00:04    42.5   08:00     15.1     00.0   00.00   005     022    09:58     NNE
02    43.5   048.9   18:36    39.9   13:08     21.4     00.0   00.99   006     025    15:24     NNW
03    50.3   068.0   14:52    33.3   07:13     14.6     00.0   00.00   002     015    17:39      S 
04    56.4   072.7   13:37    40.8   07:09     08.5     00.0   00.00   002     014    16:33      SE
05    60.8   064.0   16:41    52.3   01:36     04.1     00.0   01.54   003     017    15:06     ENE
06    64.2   074.0   15:38    59.6   00:00     00.7     00.0   00.10   002     014    09:50     NNW
07    63.6   073.2   11:22    54.0   03:32     01.4     00.0   00.00   002     020    13:44      E 
08    69.8   080.0   12:25    59.4   04:30     00.0     04.8   00.00   004     023    15:44     SSE
09    69.1   075.7   15:35    64.3   23:48     00.0     04.2   00.01   002     012    03:50      S 
10    68.7   079.4   13:20    60.5   23:55     00.0     03.7   00.00   003     017    17:15     ENE
11    67.7   079.3   14:37    54.6   07:09     00.0     02.8   00.00   005     022    15:46     ENE
12    70.9   077.4   15:18    67.9   06:27     00.0     06.0   00.05   006     024    15:00     ESE
13    70.5   076.1   15:23    66.5   22:42     00.0     05.6   00.20   003     017    14:26      SE
15    69.5   080.3   12:34    52.6   22:51     00.0     04.6   00.00   004     024    18:02     SSE
16    55.8   066.9   13:02    43.9   06:50     09.2     00.0   00.00   003     015    09:54      E 
17    62.5   078.2   13:38    46.5   06:58     02.5     00.0   00.02   002     015    16:35     SSE
18    68.8   079.8   15:01    54.7   06:39     00.0     03.9   00.00   004     022    13:13     SSE
19    69.8   077.0   15:23    64.0   11:41     00.0     04.9   01.97   009     040    16:40     SSE
20    61.4   068.8   00:31    53.0   07:11     03.6     00.0   00.00   004     029    15:56     SSE
21    55.8   067.2   12:32    45.7   07:01     09.1     00.0   00.01   001     015    15:11      W 
22    59.5   074.4   16:53    44.5   06:52     05.4     00.0   00.00   001     014    18:11     WNW
23    65.6   079.8   13:31    50.6   06:43     00.0     00.6   00.00   003     020    15:59     SSE
24    71.0   085.2   13:51    58.9   07:00     00.0     06.1   00.01   002     017    16:48     SSE
25    71.0   085.1   12:13    58.0   06:49     00.0     06.1   00.00   003     024    18:05     SSE
26    72.2   081.1   16:37    57.3   00:00     00.0     07.3   00.00   005     028    14:13      S 
27    61.9   076.1   12:56    45.5   06:45     03.0     00.0   00.00   003     021    16:42      SE
28    69.2   081.6   12:43    58.2   06:35     00.0     04.2   00.01   003     021    18:14     ESE
29    69.8   078.5   12:43    61.3   05:53     00.0     04.8   00.00   003     015    15:43     ENE
30    71.7   082.2   11:29    62.5   06:43     00.0     06.8   00.00   003     014    14:57     ESE
--------------------------------------------------------------------------------------------------------
64.2 (64.2)   85.2  day 24     33.3  day 03   098.7    076.4   05.07   03.4     040   day 19      SE
Min <=  86: 29
Max Rain: 1.97 ON 19-04-19
Days of Rain: 11 (> .008in) 5 (> .08in) 3 (> 0.8in)