NOAA Reports


Report for 2019 May






                            MONTHLY CLIMATOLOGICAL SUMMARY for MAY. 2019

NAME: THE FARM   CITY: Calabash STATE: North Carolina
ELEV: 44 Feet LAT: 033:55:28.7554 LONG: -0078:34:10.7426

                            TEMPERATURE ( F), RAIN (in.), WIND SPEED (mph)

                                               HEAT     COOL           AVG
      MEAN                                     DEG      DEG            WIND                      DOM
DAY   TEMP    HIGH   TIME     LOW    TIME      DAYS     DAYS    RAIN   SPEED   HIGH    TIME      DIR
--------------------------------------------------------------------------------------------------------
01    06.4   054.0   18:04   -00.0   00:00     58.6     00.0   00.00   238     001    00:00      N 
02    16.4   141.0   15:55   -00.0   00:00     48.5     00.0   00.00   238     001    00:00      N 
03    17.1   148.0   17:40   -00.0   00:00     47.8     00.0   00.00   238     001    00:00      N 
04    22.7   148.0   16:58   -00.0   00:00     42.2     00.0   00.00   238     001    00:00      N 
05    18.4   146.0   18:04   -00.0   00:00     46.6     00.0   00.00   238     001    00:00      N 
06    18.7   148.0   15:45   -00.0   00:00     46.2     00.0   00.00   238     001    00:00      N 
07    25.6   148.0   14:53   -00.0   00:00     39.3     00.0   00.00   238     001    00:00      N 
08    17.6   146.0   17:01   -00.0   00:00     47.4     00.0   00.00   238     001    00:00      N 
09    19.8   148.0   15:25   -00.0   00:00     45.1     00.0   00.00   238     001    00:00      N 
10    10.0   148.0   17:52   -00.0   00:00     55.0     00.0   00.00   238     001    00:00      N 
11    15.4   148.0   16:09   -00.0   00:00     49.6     00.0   00.00   238     001    00:00      N 
12    09.0   148.0   08:14   -00.0   00:00     55.9     00.0   00.00   238     001    00:00      N 
13    22.9   148.0   13:42   -00.0   00:00     42.1     00.0   00.00   238     001    00:00      N 
14    13.0   139.0   17:24   -00.0   00:00     51.9     00.0   00.00   238     001    00:00      N 
15    18.7   148.0   16:23   -00.0   00:00     46.2     00.0   00.00   238     001    00:00      N 
16    15.5   148.0   16:40   -00.0   00:00     49.4     00.0   00.00   238     001    00:00      N 
17    18.5   148.0   16:48   -00.0   00:00     46.5     00.0   00.00   238     001    00:00      N 
18    16.7   144.0   16:02   -00.0   00:00     48.2     00.0   00.00   238     001    00:00      N 
19    18.8   148.0   17:01   -00.0   00:00     46.1     00.0   00.00   238     001    00:00      N 
20    17.8   144.0   16:33   -00.0   00:00     47.1     00.0   00.00   238     001    00:00      N 
21    21.9   148.0   13:44   -00.0   00:00     43.0     00.0   00.00   238     001    00:00      N 
22    16.8   148.0   18:16   -00.0   00:00     48.1     00.0   00.00   238     001    00:00      N 
23    18.9   148.0   16:38   -00.0   00:00     46.1     00.0   00.00   238     001    00:00      N 
24    14.9   148.0   17:20   -00.0   00:00     50.1     00.0   00.00   238     001    00:00      N 
25    21.1   148.0   17:39   -00.0   00:00     43.8     00.0   00.00   238     001    00:00      N 
26    07.6   148.0   16:16   -00.0   00:00     57.3     00.0   00.00   238     001    00:00      N 
27    17.3   148.0   18:19   -00.0   00:00     47.6     00.0   00.00   238     001    00:00      N 
28    13.8   134.0   17:25   -00.0   00:00     51.2     00.0   00.00   238     001    00:00      N 
29    14.3   132.0   17:38   -00.0   00:00     50.7     00.0   00.00   238     001    00:00      N 
30    25.9   148.0   17:41   -00.0   00:00     39.0     00.0   00.00   238     001    00:00      N 
31    21.9   146.0   16:56   -00.0   23:36     43.0     00.0   00.00   238     001    23:36      N 
--------------------------------------------------------------------------------------------------------
17.4 (71.5)   148.0  day 30    -00.0  day 31   1520.4    000.0   01.26   237.8     01   day 31     N
Max >=  86: 31
Min <=  86: 32
Min <=  23: 32
Min <=  14: 32
Min <=   5: 32
Max Rain: 0.00 ON 20-05-19
Days of Rain: 0 (> .008in) 0 (> .08in) 0 (> 0.8in)