NOAA Reports


Report for 2019 Jul






                            MONTHLY CLIMATOLOGICAL SUMMARY for JUL. 2019

NAME: THE FARM   CITY: Calabash STATE: North Carolina
ELEV: 44 Feet LAT: 033:55:28.7554 LONG: -0078:34:10.7426

                            TEMPERATURE ( F), RAIN (in.), WIND SPEED (mph)

                                               HEAT     COOL           AVG
      MEAN                                     DEG      DEG            WIND                      DOM
DAY   TEMP    HIGH   TIME     LOW    TIME      DAYS     DAYS    RAIN   SPEED   HIGH    TIME      DIR
--------------------------------------------------------------------------------------------------------
01    83.1   094.6   14:21    74.9   06:46     00.0     18.1   00.00   002     014    15:56      E 
02    82.9   092.3   14:25    72.0   06:47     00.0     17.9   00.00   003     016    17:30     SSE
03    80.9   093.2   10:48    72.3   15:42     00.0     15.9   00.88   001     015    12:57      SE
04    79.8   091.2   12:39    72.1   06:04     00.0     14.9   00.58   002     017    13:39      SE
05    75.9   085.7   11:01    73.5   04:02     00.0     10.9   02.38   000     010    11:11      E 
06    80.5   089.3   14:37    72.5   06:22     00.0     15.5   00.00   002     016    16:46     SSE
07    82.0   089.4   12:40    75.7   06:32     00.0     17.0   00.01   003     021    16:17     SSE
08    83.1   091.7   13:19    76.8   02:46     00.0     18.2   00.00   002     018    16:09     SSE
09    80.2   091.1   15:16    74.0   18:51     00.0     15.3   00.24   002     020    16:45     ENE
13    75.2   085.8   17:00    72.5   05:43     00.0     10.3   00.00   002     014    00:48      E 
14    75.2   088.6   10:00    71.2   06:35     00.0     10.2   00.00   001     007    08:57     ESE
15    88.1   094.7   14:59    77.7   00:00     00.0     23.2   00.01   002     012    16:19     SSE
16    84.1   095.9   12:43    74.6   06:29     00.0     19.1   00.00   002     014    16:55     SSE
17    84.1   092.8   12:42    76.1   06:42     00.0     19.2   00.01   003     021    15:35     SSE
18    84.4   095.9   13:13    76.9   00:00     00.0     19.4   00.00   002     022    21:21     SSE
19    82.7   092.9   12:58    73.5   04:36     00.0     17.8   00.02   002     016    18:42     SSE
20    83.4   091.7   13:27    73.9   06:46     00.0     18.4   00.00   002     021    14:19      S 
21    84.3   093.8   12:36    75.6   06:35     00.0     19.4   00.01   002     017    15:39     SSE
22    83.8   092.2   13:48    75.7   06:43     00.0     18.9   00.00   003     029    16:49      S 
23    81.6   090.3   13:30    70.3   00:00     00.0     16.7   00.42   004     025    17:46     SSE
24    73.4   082.7   16:46    67.2   06:17     00.0     08.4   00.10   002     015    12:10      N 
25    76.0   088.5   16:08    65.8   06:57     00.0     11.1   00.00   002     017    09:37      NE
26    76.6   089.0   14:22    66.9   06:24     00.0     11.7   00.00   002     012    13:44     ENE
27    76.4   088.2   14:49    67.6   00:00     00.0     11.4   00.01   003     017    13:53     ENE
28    75.6   089.0   13:50    63.3   06:40     00.0     10.7   00.00   002     015    15:48      SE
29    75.6   090.2   13:11    62.3   06:45     00.0     10.7   00.00   002     014    15:16     SSE
30    77.0   088.6   13:17    65.0   06:34     00.0     12.0   00.00   002     014    18:09      SE
31    79.8   091.3   14:09    71.0   03:39     00.0     14.9   00.59   002     015    16:12      SE
--------------------------------------------------------------------------------------------------------
80.2 (81.3)   95.9  day 18     62.3  day 29   000.0    427.2   09.29   02.2     029   day 23      SE
Max >=  86: 25
Min <=  86: 28
Max Rain: 2.38 ON 5-07-19
Days of Rain: 13 (> .008in) 7 (> .08in) 2 (> 0.8in)