NOAA Reports


Report for 2019 Aug






                            MONTHLY CLIMATOLOGICAL SUMMARY for AUG. 2019

NAME: THE FARM   CITY: Calabash STATE: North Carolina
ELEV: 44 Feet LAT: 033:55:28.7554 LONG: -0078:34:10.7426

                            TEMPERATURE ( F), RAIN (in.), WIND SPEED (mph)

                                               HEAT     COOL           AVG
      MEAN                                     DEG      DEG            WIND                      DOM
DAY   TEMP    HIGH   TIME     LOW    TIME      DAYS     DAYS    RAIN   SPEED   HIGH    TIME      DIR
--------------------------------------------------------------------------------------------------------
01    81.1   093.1   13:25    71.8   06:43     00.0     16.1   00.00   002     013    17:50      SE
02    77.6   088.1   14:56    72.8   07:16     00.0     12.6   00.00   002     014    15:21      E 
03    76.4   084.6   14:58    71.6   05:29     00.0     11.4   00.08   002     016    16:57      E 
04    77.4   090.0   12:57    69.5   06:47     00.0     12.4   00.01   002     015    15:16      SE
05    76.2   087.9   14:37    70.4   06:33     00.0     11.3   00.33   001     009    14:49      NE
06    78.7   089.4   14:04    69.2   06:54     00.0     13.8   00.12   002     014    15:51     SSE
07    82.9   090.8   12:50    74.9   06:48     00.0     18.0   00.00   003     020    13:54      S 
08    83.9   093.1   14:32    75.1   06:49     00.0     18.9   00.00   001     015    14:27     SSE
09    83.7   096.5   13:47    73.5   07:10     00.0     18.8   00.00   001     013    15:51     SSE
10    84.4   095.1   12:18    74.4   07:04     00.0     19.4   00.00   002     014    13:03      S 
11    80.9   090.1   11:25    75.5   00:00     00.0     16.0   02.52   002     018    12:52     ESE
12    80.9   091.5   13:01    73.5   06:25     00.0     16.0   00.00   002     014    15:58      SE
13    81.8   092.8   13:21    70.8   06:55     00.0     16.9   00.00   002     014    18:38     SSW
14    82.5   093.3   13:53    77.3   00:00     00.0     17.6   00.51   001     014    16:06     SSW
15    79.9   091.9   13:54    74.6   07:04     00.0     15.0   00.19   001     010    15:27      SW
16    77.5   085.0   17:11    73.1   22:02     00.0     12.6   05.91   002     018    19:05     SSW
17    77.3   080.8   18:03    74.6   00:03     00.0     12.3   01.13   001     012    13:57      S 
18    80.9   089.0   13:41    75.3   07:08     00.0     15.9   00.02   001     014    15:14     SSW
19    81.3   090.4   13:38    74.7   06:32     00.0     16.4   00.00   001     014    17:33     SSW
20    82.0   091.5   14:12    74.0   06:56     00.0     17.0   00.00   001     015    14:26     SSW
21    82.5   091.2   14:15    75.3   06:54     00.0     17.6   00.18   002     020    15:53     SSW
22    82.7   091.8   12:49    76.0   06:27     00.0     17.7   00.00   002     020    16:41      SW
23    82.5   091.8   13:08    75.3   00:00     00.0     17.5   00.00   002     020    15:03     SSW
24    77.6   089.8   13:55    72.9   00:00     00.0     12.7   00.10   002     015    22:44     ENE
25    71.2   075.6   14:49    67.3   06:09     00.0     06.2   00.00   004     015    16:40      NE
26    74.5   085.7   15:53    66.4   07:10     00.0     09.6   00.00   003     017    09:30      NE
27    74.7   085.5   16:39    68.3   04:30     00.0     09.8   00.00   002     013    05:16     NNE
28    77.1   089.5   13:00    68.6   07:05     00.0     12.1   00.14   001     009    11:47      N 
29    76.7   088.0   14:49    67.5   07:17     00.0     11.7   00.00   002     015    10:36     ESE
30    77.1   089.8   12:57    66.2   06:22     00.0     12.2   00.00   002     015    17:40      SE
31    76.6   087.4   15:02    67.3   06:21     00.0     11.7   00.00   002     015    13:37      E 
--------------------------------------------------------------------------------------------------------
79.4 (80.8)   96.5  day 09     66.2  day 30   000.0    447.3   11.45   01.7     020   day 16     SSE
Max >=  86: 25
Min <=  86: 31
Max Rain: 5.91 ON 16-08-19
Days of Rain: 13 (> .008in) 11 (> .08in) 3 (> 0.8in)