NOAA Reports


Report for 2019 Oct






                            MONTHLY CLIMATOLOGICAL SUMMARY for OCT. 2019

NAME: THE FARM   CITY: Calabash STATE: North Carolina
ELEV: 44 Feet LAT: 033:55:28.7554 LONG: -0078:34:10.7426

                            TEMPERATURE ( F), RAIN (in.), WIND SPEED (mph)

                                               HEAT     COOL           AVG
      MEAN                                     DEG      DEG            WIND                      DOM
DAY   TEMP    HIGH   TIME     LOW    TIME      DAYS     DAYS    RAIN   SPEED   HIGH    TIME      DIR
--------------------------------------------------------------------------------------------------------
01    75.1   086.7   15:36    68.8   00:00     00.0     10.1   00.00   002     012    17:54      E 
02    75.7   089.3   14:00    64.5   07:38     00.0     10.8   00.00   001     010    17:30      S 
03    79.0   092.6   13:23    69.8   06:38     00.0     14.0   00.00   001     012    16:02      S 
04    80.4   092.6   14:34    72.0   07:39     00.0     15.5   00.03   002     022    20:55      SE
05    69.7   075.5   00:05    66.0   20:43     00.0     04.7   00.00   004     014    16:44      NE
06    71.6   083.9   13:16    63.8   07:40     00.0     06.7   00.02   002     018    14:56      E 
07    72.4   084.6   13:50    65.2   04:42     00.0     07.4   00.20   001     016    13:53      E 
08    70.0   077.1   12:22    65.7   00:00     00.0     05.0   00.00   003     018    20:25      NE
09    66.8   073.8   15:23    61.1   07:29     00.0     01.9   00.00   003     016    00:19      NE
10    64.7   071.7   12:58    55.2   00:00     00.2     00.0   00.00   003     014    14:54      NE
11    62.9   078.7   15:26    50.7   07:38     02.1     00.0   00.00   001     013    11:13     NNE
12    66.2   082.5   13:14    52.0   07:07     00.0     01.2   00.00   001     013    15:56      W 
13    71.7   084.1   12:32    58.3   06:54     00.0     06.7   00.02   002     013    14:53      S 
14    70.3   080.7   14:14    62.0   00:00     00.0     05.4   00.99   001     010    16:12     SSE
15    64.5   075.5   14:24    54.6   07:39     00.4     00.0   00.00   001     009    12:43     ENE
16    70.3   079.3   16:04    63.2   22:43     00.0     05.4   00.46   002     018    09:38      S 
18    51.5   063.2   00:06    44.7   07:19     13.5     00.0   00.00   001     016    11:07     WNW
19    59.8   071.7   23:17    45.7   04:50     05.1     00.0   00.45   002     018    21:45      E 
20    69.8   076.1   12:15    61.9   00:00     00.0     04.9   03.42   003     029    03:17      SW
21    64.9   077.4   13:33    55.1   07:52     00.1     00.0   00.00   001     013    09:02      E 
22    73.5   084.2   12:45    65.6   00:56     00.0     08.5   00.00   002     017    14:08     SSE
23    60.5   072.6   15:25    50.5   00:00     04.4     00.0   00.00   001     013    12:12     NNW
24    60.9   076.4   13:10    47.0   05:28     04.0     00.0   00.00   001     013    15:39      NE
25    65.7   080.5   12:59    54.7   07:40     00.0     00.7   00.00   001     012    15:08      E 
26    70.0   081.5   13:12    59.2   02:04     00.0     05.0   00.10   002     015    11:12     ESE
27    76.2   084.4   12:47    68.6   23:59     00.0     11.2   00.28   002     016    16:19      S 
28    71.2   081.9   13:27    61.4   07:59     00.0     06.3   00.01   001     010    17:23     SSE
29    67.4   075.5   13:15    62.1   03:03     00.0     02.4   00.01   001     008    09:08     NNE
30    73.2   081.8   12:07    65.4   02:05     00.0     08.2   00.00   002     014    11:55     ESE
31    77.3   082.2   12:14    74.6   01:27     00.0     12.4   00.05   005     023    21:04      S 
--------------------------------------------------------------------------------------------------------
69.1 (70.1)   92.6  day 04     44.7  day 17   029.7    154.6   06.04   01.9     029   day 20      E 
Max >=  86: 4
Min <=  86: 30
Max Rain: 3.42 ON 20-10-19
Days of Rain: 13 (> .008in) 7 (> .08in) 2 (> 0.8in)